he greatest common factor of 36 and o.
4
Let u be (-6)/(-9) - 264/(-9). Suppose -16 = -3*o + 2*l + u, -o = -3*l - 6. What is the greatest common divisor of o and 27?
9
Let x = -152 - -237. Calculate the greatest common factor of x and 34.
17
Let w(q) = q**3 + 5*q**2 + 2*q - 5. Let i be w(-4). Let x = 42 + -14. Suppose i*l - x = l. Calculate the highest common divisor of 112 and l.
14
Let z(u) = -u**2 + 4*u + 2. Let f be z(3). Let y = -26 + 51. What is the highest common divisor of y and f?
5
Let i = -7 - -11. Suppose -19 = -4*w - 3*k, -2*k - 14 = -i*w - 4*k. Suppose 5*g - 4*m = 48, 8*g + m = 3*g + 38. Calculate the greatest common factor of g and w.
1
Let h = 165 + -149. Calculate the greatest common divisor of h and 256.
16
Let u be 3/(1/20*1). Calculate the greatest common divisor of 12 and u.
12
Let n be 55 - (-2)/(-6)*-3. Let d = -2 - -1. Let f be (21/(-12))/(d/8). Calculate the greatest common factor of n and f.
14
Suppose 2*a - 20 = 3*j, 4*a - 3*j = -2*j + 20. What is the greatest common divisor of 1 and a?
1
Suppose 2*q + 84 = 5*c, 0 = -c + 3*q + 1 + 21. Suppose 0 = -0*o + 2*o - c. What is the highest common factor of o and 1?
1
Let a be (-24)/(-20)*(-100)/(-6). Suppose 4*b - 17 = 5*z, 3*b - z - 27 = -2*z. Calculate the greatest common divisor of b and a.
4
Let l(t) = t**2 - 2*t + 4. Let d be l(6). What is the greatest common factor of 112 and d?
28
Let d(i) = i**3 + 13*i**2 + 13*i + 11. Let s be (0 - -2)/2*-11. Let g be d(s). What is the greatest common divisor of g and 10?
10
Suppose 76 + 71 = 3*i. What is the highest common factor of i and 7?
7
Suppose -5*j + 5*u = -108 + 28, -j + 3*u = -20. What is the highest common divisor of 56 and j?
14
Let f(h) = h**3 + 5*h**2 - 8*h + 3. Let r be f(-6). What is the highest common factor of 5 and r?
5
Let h(k) = -k**3 + 4*k**2 - 2*k + 4. Let w be h(3). Suppose -2*s - 2*a + 36 = 0, 3*a + 2 = 14. What is the highest common factor of s and w?
7
Let h(p) = p**2 + 5*p. Let i be h(-6). Suppose -n + 5*a = -5 - 12, -3*n - i = 4*a. Calculate the highest common factor of 2 and n.
2
Suppose 80 = -3*z + 296. Let i(n) = -6*n**3 - 2*n**2 - 2*n + 1. Let b be i(-2). Suppose 0 = 2*t + 3*t - b. Calculate the greatest common factor of z and t.
9
Let i(g) be the second derivative of g**3/2 - 5*g**2/2 + 7*g. Let h be i(5). Suppose -2*c - 18 = -58. What is the greatest common factor of h and c?
10
Let v(p) = p**3 - 9*p**2 + p - 5. Let z be v(9). Calculate the greatest common factor of z and 44.
4
Suppose -2*n = -4*n - 2*c + 46, -3*c = -4*n + 106. Calculate the highest common factor of 5 and n.
5
Let n = -35 - -60. What is the highest common factor of n and 75?
25
Let y(o) = 2*o + 2. Let h(b) = -b - 1. Let c(m) = 15*h(m) + 5*y(m). Let s be c(-5). Calculate the highest common divisor of 10 and s.
10
Let d be (-2 + 2)*2/4. Suppose y = 3*y + 2, d = -k - 2*y - 7. Let f be (0 - -5)/((-1)/k). Calculate the highest common divisor of 5 and f.
5
Let q(d) = d**3 + 8*d**2 + 4*d. Let t be q(-7). Suppose 5*u - 111 = 3*p, -2*u = -u + 5*p - 11. Calculate the greatest common factor of u and t.
21
Suppose -115*c = -116*c + 40. What is the highest common divisor of c and 10?
10
Suppose 18 = y + 11. Let v be (286/(-3))/(y/(-21)). Calculate the greatest common divisor of v and 26.
26
Suppose 3*k + m - 22 + 4 = 0, -k = -3*m + 4. Suppose 4*z - k*h - 27 = 0, -3*z + 3*h + 21 = z. What is the greatest common divisor of 6 and z?
3
Suppose -k = -50 - 45. Calculate the greatest common divisor of k and 38.
19
Let s be (-1)/(-3)*2892/4. Suppose -2*w - s - 76 = -3*g, 4*w = -4. Calculate the greatest common factor of 15 and g.
15
Let o(z) = 12*z + 8. Let h be o(8). Calculate the highest common factor of h and 26.
26
Let n(i) = 10*i - 8. Let r be n(2). What is the highest common divisor of 6 and r?
6
Let s = 18 + -11. Let r = -330 + 578. Suppose 0 = -4*j - 4*z + 288, -5*j - 2*z + 127 + r = 0. Calculate the greatest common divisor of j and s.
7
Let w(a) = -2*a**2 - 1. Let j be w(-1). Let v = 5 + j. Let k be v*2*(-2 - -10). What is the greatest common divisor of k and 48?
16
Let u be 59 - (-3 - 0)*4/(-6). Calculate the greatest common factor of u and 38.
19
Suppose -2*b - 6 = 2*w, 2*b = -3*b - 20. Suppose 2 + 7 = 3*o. What is the greatest common divisor of w and o?
1
Let v = 16 + -7. What is the greatest common factor of 18 and v?
9
Let v = -11 - -13. Suppose v*c - 2 + 4 = 0, -3*c - 245 = -2*x. What is the highest common factor of x and 11?
11
Suppose -13 = 3*h - 4*h - 2*i, -5*h - i + 56 = 0. Calculate the highest common divisor of 88 and h.
11
Let p(c) = c**2 + 3*c + 4. Let i be p(-3). Suppose -2*j + 4*j - 112 = 0. Let g = j + -24. What is the highest common divisor of g and i?
4
Let r = -63 + 92. Calculate the highest common divisor of 232 and r.
29
Suppose -y = -4*y - 21. Let r = y + 11. Suppose b - 15 = -a - 4, -2*a + r*b = -28. Calculate the highest common factor of a and 18.
6
Let t(l) be the second derivative of 8*l**3/3 + 2*l. Let r be t(2). What is the highest common divisor of 4 and r?
4
Let r be 10 + -6 - (-36 + -2). Calculate the highest common factor of 105 and r.
21
Suppose -d - 2 = s - 4*d, -3*d - 54 = 3*s. Let b be 4/s - (-4)/14. Let p be 4/2 + b + 4. Calculate the greatest common divisor of p and 2.
2
Suppose j = 2*j - 14. Let n be (10/(-10))/(1/20). Let z = 34 + n. Calculate the greatest common divisor of z and j.
14
Let v be 5/2*16/20. Let f(w) = -w**3 + 3*w**2 + w + 1. Let h be f(v). What is the greatest common factor of 49 and h?
7
Let v = 17 + -2. What is the greatest common factor of v and 60?
15
Let q = -37 + 107. Let c be 4/(-14) - (-930)/q. Calculate the greatest common factor of c and 104.
13
Let c(u) = u**3 + 9*u**2 - 9*u + 14. Let l be c(-10). What is the highest common divisor of l and 28?
4
Let q be (-165)/(-22) - 2/(-4). Calculate the highest common factor of q and 16.
8
Let s(b) = b**3 - 5*b**2 - 2*b - 12. Let z be s(6). What is the greatest common factor of 16 and z?
4
Let m be (-3 - 4/(-2))*-4. Let h be (m/(-6))/((-6)/99). Calculate the highest common factor of h and 121.
11
Let q(k) = -14*k + 4. Let y be q(4). Let r = 136 + y. Calculate the highest common divisor of r and 28.
28
Let o(l) = -l + 18. Let c be o(-9). Calculate the highest common divisor of 135 and c.
27
Let j(o) = -o**2 + 6*o + 2. Let g be j(6). Suppose 0*k = g*k - 110. What is the highest common factor of 11 and k?
11
Suppose -4*m + 138 = 42. What is the greatest common factor of m and 8?
8
Let d be 84/30 - 2/(-10). Calculate the highest common factor of d and 27.
3
Let l(q) = 2*q - 9. Let b be l(6). Suppose -3*w + 8 + 4 = 0, -b*w = -3*r. Calculate the greatest common divisor of 12 and r.
4
Let r(a) = a + 0*a - 4*a + a - 9. Let z be r(-9). Let g = 19 - 10. What is the greatest common factor of z and g?
9
Let h be ((-16)/(-56))/(1/63). Let v(j) = j**3 - j + 126. Let k be v(0). What is the highest common factor of k and h?
18
Let o = 8 - 14. Let j be 164/16 + o/(-8). Calculate the greatest common factor of j and 77.
11
Suppose -3*i + 2 = 2*a, 2*i - 2*a - 12 = 2*a. Let n = 6 - 3. Suppose i*d - 3*d = -n. Calculate the greatest common factor of d and 3.
3
Let k(q) = -9*q. Let f be k(1). Suppose 3*z + 8 = -2*j, z + 0*z = -2*j - 12. Let n = j - f. What is the highest common factor of 16 and n?
2
Let j = -199 + 287. What is the highest common divisor of j and 22?
22
Let g = 47 + -33. Let m = -8 + g. Calculate the highest common factor of m and 12.
6
Let o = -12 + 62. Suppose 6*d - 3*j - o = 4*d, 3*j + 106 = 4*d. What is the greatest common divisor of 42 and d?
14
Let m = 4 + 0. Suppose -3*l + 255 = 5*i - 113, -4*i - m*l = -288. Suppose -5*g = -2*k + i, 224 = k + 4*k - 4*g. What is the highest common factor of k and 6?
6
Let y(r) = 2*r + 5. Let q be y(2). Calculate the highest common factor of 3 and q.
3
Suppose r + 0*r = -4*w + 29, 5*w - 40 = -5*r. Calculate the highest common factor of w and 49.
7
Suppose 0 = -n + 3 - 1. Suppose n*t = -5*r + 35, -4*t + 4*r + 56 + 0 = 0. Calculate the highest common divisor of 5 and t.
5
Let n be (-420)/9*(-6)/4. Suppose -9 = -3*a, -2*j + 14 + 18 = 4*a. Calculate the greatest common divisor of n and j.
10
Let n(l) be the second derivative of -l**5/20 - 2*l**4/3 + l**3/6 + 9*l**2 - 2*l. Let q be n(-8). Calculate the highes